6 is divided by 5202?
244
What is the remainder when 4488 is divided by 155?
148
Calculate the remainder when 117108 is divided by 43.
19
What is the remainder when 389021 is divided by 20?
1
What is the remainder when 490 is divided by 249?
241
Calculate the remainder when 10855 is divided by 92.
91
Calculate the remainder when 204381 is divided by 1002.
975
Calculate the remainder when 49979 is divided by 20.
19
What is the remainder when 19004 is divided by 1?
0
What is the remainder when 5222 is divided by 12?
2
What is the remainder when 679 is divided by 671?
8
Calculate the remainder when 1698 is divided by 209.
26
What is the remainder when 420368 is divided by 210161?
46
What is the remainder when 5088 is divided by 190?
148
What is the remainder when 911 is divided by 47?
18
What is the remainder when 809 is divided by 54?
53
What is the remainder when 40183 is divided by 5711?
206
What is the remainder when 331922 is divided by 4610?
2
Calculate the remainder when 879936 is divided by 340.
16
Calculate the remainder when 764 is divided by 76.
4
What is the remainder when 1091 is divided by 719?
372
What is the remainder when 23731 is divided by 99?
70
Calculate the remainder when 4699 is divided by 426.
13
Calculate the remainder when 18650 is divided by 39.
8
What is the remainder when 976 is divided by 198?
184
Calculate the remainder when 8881 is divided by 127.
118
Calculate the remainder when 80198 is divided by 201.
200
Calculate the remainder when 18221 is divided by 84.
77
What is the remainder when 5897 is divided by 270?
227
Calculate the remainder when 1329093 is divided by 948.
945
What is the remainder when 4772 is divided by 2357?
58
Calculate the remainder when 482076 is divided by 22956.
0
Calculate the remainder when 331150 is divided by 2417.
21
Calculate the remainder when 4472 is divided by 1508.
1456
Calculate the remainder when 50392 is divided by 16772.
76
What is the remainder when 4487 is divided by 892?
27
What is the remainder when 633 is divided by 305?
23
What is the remainder when 24240 is divided by 1102?
1098
What is the remainder when 393057 is divided by 34?
17
What is the remainder when 3579 is divided by 137?
17
What is the remainder when 420118 is divided by 24711?
31
Calculate the remainder when 7996 is divided by 43.
41
Calculate the remainder when 211302 is divided by 3773.
14
What is the remainder when 55910 is divided by 13?
10
What is the remainder when 8549 is divided by 55?
24
What is the remainder when 11183 is divided by 348?
47
Calculate the remainder when 116604 is divided by 128.
124
What is the remainder when 50547 is divided by 919?
2
What is the remainder when 26058 is divided by 651?
18
Calculate the remainder when 2691 is divided by 1340.
11
What is the remainder when 1162 is divided by 385?
7
What is the remainder when 38214 is divided by 56?
22
What is the remainder when 52160 is divided by 75?
35
Calculate the remainder when 32925 is divided by 185.
180
What is the remainder when 5700 is divided by 5426?
274
Calculate the remainder when 18303 is divided by 5754.
1041
Calculate the remainder when 291305 is divided by 94.
93
Calculate the remainder when 51544 is divided by 17130.
154
Calculate the remainder when 210225 is divided by 86.
41
What is the remainder when 941 is divided by 60?
41
What is the remainder when 23267 is divided by 5528?
1155
Calculate the remainder when 10927 is divided by 4.
3
Calculate the remainder when 2848 is divided by 195.
118
Calculate the remainder when 5149 is divided by 612.
253
Calculate the remainder when 14569 is divided by 42.
37
What is the remainder when 16160 is divided by 12?
8
What is the remainder when 42171 is divided by 1309?
283
What is the remainder when 4254297 is divided by 163?
160
Calculate the remainder when 306470 is divided by 251.
250
Calculate the remainder when 27676 is divided by 6913.
24
What is the remainder when 11288 is divided by 104?
56
What is the remainder when 15057 is divided by 188?
17
Calculate the remainder when 44668 is divided by 228.
208
What is the remainder when 34645 is divided by 8649?
49
Calculate the remainder when 10524 is divided by 25.
24
Calculate the remainder when 2014 is divided by 580.
274
What is the remainder when 16978 is divided by 15?
13
Calculate the remainder when 1154 is divided by 284.
18
Calculate the remainder when 349843 is divided by 44.
43
Calculate the remainder when 17021 is divided by 682.
653
Calculate the remainder when 44765 is divided by 232.
221
Calculate the remainder when 28020 is divided by 596.
8
Calculate the remainder when 780 is divided by 135.
105
Calculate the remainder when 974443 is divided by 118.
117
What is the remainder when 62187 is divided by 876?
867
Calculate the remainder when 31933 is divided by 1101.
4
Calculate the remainder when 28587 is divided by 1579.
165
What is the remainder when 22425 is divided by 1245?
15
What is the remainder when 5832182 is divided by 197?
194
Calculate the remainder when 27779 is divided by 2000.
1779
Calculate the remainder when 229176 is divided by 1219.
4
What is the remainder when 3838 is divided by 1915?
8
What is the remainder when 36620 is divided by 12198?
26
What is the remainder when 286557 is divided by 29?
8
What is the remainder when 606 is divided by 592?
14
What is the remainder when 28894 is divided by 340?
334
What is the remainder when 7977 is divided by 20?
17
What is the remainder when 24809 is divided by 920?
889
Calculate the remainder when 1744 is divided by 1694.
50
What is the remainder when 224573 is divided by 88?
85
What is the remainder when 3823 is divided by 183?
163
What is the remainder when 252269 is divided by 49?
17
What is the remainder when 3322799 is divided by 6?
5
Calculate the remainder when 12792 is divided by 459.
399
Calculate the remainder when 12633 is divided by 9.
6
Calculate the remainder when 13529 is divided by 225.
29
Calculate the remainder when 3890 is divided by 1253.
131
What is the remainder when 1240 is divided by 545?
150
What is the remainder when 108253 is divided by 4330?
3
Calculate the remainder when 3634 is divided by 726.
4
Calculate the remainder when 88 is divided by 8.
0
What is the remainder when 6649 is divided by 1325?
24
What is the remainder when 5207 is divided by 124?
123
What is the remainder when 1443 is divided by 415?
198
Calculate the remainder when 1214 is divided by 29.
25
What is the remainder when 1862 is divided by 413?
210
What is the remainder when 25044 is divided by 9?
6
What is the remainder when 177653 is divided by 59212?
17
Calculate the remainder when 10742 is divided by 753.
200
What is the remainder when 2881 is divided by 1415?
51
What is the remainder when 343851 is divided by 16?
11
What is the remainder when 16153 is divided by 1227?
202
Calculate the remainder when 182629 is divided by 617.
614
Calculate the remainder when 47678 is divided by 17.
10
Calculate the remainder when 537 is divided by 24.
9
What is the remainder when 16317 is divided by 422?
281
What is the remainder when 23638 is divided by 394?
392
What is the remainder when 296433 is divided by 296421?
12
What is the remainder when 28095 is divided by 7?
4
Calculate the remainder when 65585 is divided by 66.
47
Calculate the remainder when 11402 is divided by 104.
66
Calculate the remainder when 9196 is divided by 3601.
1994
What is the remainder when 3909 is divided by 51?
33
Calculate the remainder when 175748 is divided by 28.
20
What is the remainder when 86510 is divided by 70?
60
Calculate the remainder when 47477 is divided by 609.
584
Calculate the remainder when 65300 is divided by 398.
28
Calculate the remainder when 26060 is divided by 157.
155
What is the remainder when 126400 is divided by 25278?
10
What is the remainder when 154841 is divided by 231?
71
Calculate the remainder when 2685 is divided by 62.
19
Calculate the remainder when 840545 is divided by 133.
118
What is the remainder when 1646391 is divided by 280?
271
What is the remainder when 404720 is divided by 35?
15
Calculate the remainder when 2749 is divided by 684.
13
Calculate the remainder when 3114 is divided by 40.
34
Calculate the remainder when 25798 is divided by 1